 (-1)/(204/(-198) - -1). Calculate the highest common divisor of u and p.
11
Let y(z) = z**3 + 7*z**2 + z - 3. Let p be y(-3). Let w = -132 - -144. Calculate the greatest common divisor of w and p.
6
Let g be ((-11)/2)/((-6)/(-60)). Let r be 885/33 - 10/g. What is the greatest common divisor of r and 3?
3
Suppose 0 = -79*f + 87*f - 24. What is the highest common divisor of f and 21?
3
Suppose 0 = -22*p + 192 + 6. Suppose -7*b + 2*b + 15 = 0. What is the highest common divisor of b and p?
3
Let a = 11 + -4. Let k be a/7 - (-2)/2. Suppose -3*o = k*h - 17, -5*o = 2*h - 3*h - 24. What is the greatest common divisor of 5 and o?
5
Suppose 0 = -4*v - 2*v + 12. What is the highest common divisor of 10 and v?
2
Suppose -f + z + 12 = 2*z, 3*z = 5*f - 36. Let q = 2 + f. Suppose -4*h + 22 = -2*h. Calculate the greatest common factor of q and h.
11
Suppose 2*q + 5*u = 85, 2*u - 3 = 4*q - 113. What is the highest common divisor of q and 735?
15
Let t be (-108)/((-154)/33 + 4). What is the greatest common divisor of t and 72?
18
Let c = -4 - -6. Suppose -c*o - 29 = -239. Let d be (1/3*-2)/(7/(-441)). Calculate the greatest common divisor of d and o.
21
Let q be 3/(74/(-80) + 1). Let o(v) be the first derivative of -v**3/3 - 6*v**2 + 18*v + 3. Let l be o(-13). Calculate the highest common factor of l and q.
5
Let i = 690 - 677. Calculate the highest common factor of 299 and i.
13
Suppose -16*d - 103 = -311. What is the highest common factor of d and 208?
13
Suppose 4*n + 3*u - 1144 = 0, 0 = -n - 0*n + 3*u + 301. Calculate the greatest common factor of 17 and n.
17
Let o(j) = j**3 - 8*j**2 - 3*j + 1. Let f be o(6). Let d = -70 - f. Calculate the greatest common factor of d and 57.
19
Let z(j) = -13*j**2 + 310*j + 58. Let w be z(24). Calculate the highest common divisor of 1510 and w.
10
Let i(x) = 20*x**2 + 2*x - 2. Let a be i(2). Let o be 41 - 0*(-3)/(-15). What is the greatest common divisor of o and a?
41
Let d(n) = 15*n**3 - 4*n**2 - n - 2. Let y be d(2). Let t be (-3)/6 - (1148/(-8))/7. What is the highest common divisor of t and y?
20
Let s(l) = l**2 + 5*l + 3. Let b be s(-3). Let n be -1 + b + 2 - -1. Let i(t) = -12*t - 1. Let d be i(n). What is the greatest common divisor of d and 44?
11
Suppose 3*k - 2*w = -132 + 33, 0 = -2*k - 4*w - 66. Let x be k/(-3) + 0/3. Suppose -x = -3*i + 31. Calculate the highest common factor of 98 and i.
14
Let x(h) = -h**2 - 16*h - 11. Let b be x(-10). Suppose 2*l = v + b, -v - v = 2*l - 46. Calculate the highest common factor of 16 and l.
8
Let l(g) = -g**3 - 7*g**2 - 6*g + 5. Let k = 32 + -37. Let u be l(k). Let d = -11 - u. What is the highest common divisor of 12 and d?
4
Suppose l = -0*l + 24. Let o = 106 - 98. Suppose 4*m + o = c, -m - 4 = -3*m. What is the highest common factor of c and l?
8
Suppose -2*v - 54 = -2*h - 3*v, 0 = -3*h + 5*v + 68. Let b = 111 - h. Calculate the highest common divisor of 34 and b.
17
Let i(a) = -2*a + 26. Let f be i(5). What is the highest common factor of 16 and f?
16
Let k(g) = -12*g + 164. Let f be k(-11). Calculate the greatest common factor of 24 and f.
8
Let b = -59 - -116. Suppose 4*m + 10 - 98 = 0. Let u = 41 - m. What is the greatest common divisor of b and u?
19
Suppose -3*r + 49 = -2*y + 70, 4*y + 5*r = 53. Calculate the greatest common divisor of 696 and y.
12
Suppose 126 = -14*r + 168. Let t be 8/28 - (-40)/7. What is the highest common divisor of r and t?
3
Let x(a) = -a**2 - 7*a + 1. Suppose 5*v + 25 = -5*q, 3*q = -0*q. Let m be x(v). Calculate the highest common factor of 88 and m.
11
Let w = -38 + 40. Let y(x) = x**2 + 4*x - 5. Let v be y(w). Calculate the highest common factor of v and 7.
7
Suppose 3*x + x - 2*b = 0, 3*x - 10 = -b. Let m be (-3)/(x + -1) - -1. Let o = 15 - m. Calculate the greatest common divisor of o and 85.
17
Let t = -1 + 2. Let w(q) = q**2 + 2*q + 8. Let r be w(0). Suppose 7*b - r*b = -11. What is the highest common factor of t and b?
1
Let u be (72 + -66)*((-8)/(-6))/2. Let t be (1692/8 - u) + 1/2. What is the highest common divisor of t and 13?
13
Suppose -490 + 178 = -3*f. Let t be 3*3*f/9. What is the highest common divisor of t and 13?
13
Let s = 205 - -498. What is the greatest common factor of s and 37?
37
Let z(n) = n**2 + 17*n + 19. Let k be z(-16). Let i = -40 + 97. Suppose 4*q = i + 75. What is the highest common divisor of k and q?
3
Suppose 4*h + 336 = 25*h. What is the greatest common factor of h and 16?
16
Suppose -3*z - 8*l + 3*l + 12 = 0, 4*z - 27 = -3*l. Let r = 86 - 169. Let f = -20 - r. Calculate the greatest common divisor of z and f.
9
Let k = -117 + 133. Suppose -m + 2*m = 15. Let a be (-1)/(-3) + 1915/m. What is the greatest common factor of a and k?
16
Let k = -131 + 149. What is the highest common divisor of k and 2?
2
Let j = 25 - 14. Let b be (-2085)/(-33) + (-2)/j. Let p = b + -30. What is the highest common divisor of 22 and p?
11
Let d(j) = -86*j - 51. Let u be d(-2). Calculate the highest common divisor of 33 and u.
11
Let i(w) = 18*w**3 - 8*w**3 - 3*w - 2*w**2 - 6 - 11*w**3. Let r be i(-5). Calculate the highest common divisor of r and 21.
21
Let q be 69/4 - 2/8. Suppose 7*w - q = 81. Calculate the greatest common divisor of 35 and w.
7
Suppose -3*h - n - 157 = -0*n, -h - 49 = -3*n. Let k be 2/(-13) + (-216)/h. What is the highest common divisor of k and 6?
2
Let l = 362 - 299. What is the highest common factor of 81 and l?
9
Suppose 0 = -5*r - 4*g + 49 + 65, 64 = 2*r - 3*g. Let x(i) = 4*i**2 + 1. Let l be x(4). Calculate the greatest common divisor of r and l.
13
Suppose i = 24 - 8. Calculate the greatest common divisor of 64 and i.
16
Let u be -1*9/3*-3. What is the greatest common factor of u and 45?
9
Let i(b) = b**2 - 2*b - 4. Let r be i(4). Let p be -1 - ((-5)/(-2))/(7/(-14)). Calculate the greatest common divisor of p and r.
4
Let u(x) be the first derivative of 14*x**2 - 5 + 2*x - 2 + 6. Let d be u(1). Calculate the highest common divisor of 12 and d.
6
Suppose 0 = 3*c + 3*f + 126, -7*c + 2*f = -2*c + 175. Let t = c + 39. What is the greatest common divisor of 2 and t?
2
Suppose -o + p + 17 = 0, 138*o - 97 = 133*o + 2*p. Calculate the greatest common divisor of 1281 and o.
21
Let m = 24 + -22. Suppose 0 = -m*z - 6*z + 64. Calculate the greatest common factor of 8 and z.
8
Suppose -3*z + 5*b = -10, 4*b - 43 = -5*z + 23. Let i be 3*z/(-6)*-21. Let r(u) = u**2 + 2*u. Let t be r(-5). What is the greatest common factor of i and t?
15
Let u(p) = 35*p**2 - 15*p. Let z be u(2). What is the greatest common divisor of z and 330?
110
Suppose 4*o + 48 = 5*o. Calculate the highest common factor of 156 and o.
12
Let m be (-920)/(-23) + (-2 - -7). Calculate the greatest common divisor of m and 120.
15
Suppose -3*u = -4*t + 7, 5*u - 29 = -2*t - 6. What is the highest common factor of 90 and u?
3
Let q = -22 - -46. Let r = -464 + 331. Let x = 325 + r. Calculate the highest common factor of x and q.
24
Let i = 18 + -12. Let v be i/(-3)*90/12. Let s = 20 + v. What is the highest common factor of s and 15?
5
Suppose -5*u = 2*d - d - 200, 0 = 2*u - d - 80. Let m be (33 - 29) + 2*(-4)/(-8). What is the highest common factor of m and u?
5
Let w be -2 + (-3)/18*-42. What is the greatest common divisor of w and 17?
1
Suppose 4 = 3*q - 2*q. Let p be (-10)/4*(q - 2). Let t be 16 - p - 2*-2. What is the highest common factor of t and 10?
5
Let m(g) = -39*g - 66. Let b be m(-4). Calculate the greatest common factor of 12 and b.
6
Let c(m) = -m - 3. Let j be c(-3). Suppose 0*k + 3*k + 48 = j. Let i = k + 27. Calculate the greatest common divisor of i and 99.
11
Let o(p) = -3*p + 2 - 7*p**2 + 5*p**2 + 16*p**2 - p**3 - 12*p. Let k be o(11). Calculate the highest common divisor of k and 25.
25
Let z(q) = 9*q - 4*q**3 + 1 - 3*q - 3*q - 2*q - q**2. Let s be z(1). Let u be -42*(s - (-24)/9). What is the greatest common factor of 35 and u?
7
Let y(p) = -p**2 + 46*p + 91. Let a be y(33). Calculate the greatest common factor of a and 80.
40
Suppose 0 = -5*b - a + 17, -b + 4*a + 7 = -9. Suppose -b*c + 453 + 195 = 0. What is the highest common divisor of 18 and c?
18
Let p = 369 - 325. What is the greatest common factor of 1298 and p?
22
Let m = 271 + -262. What is the greatest common factor of 45 and m?
9
Suppose 27 = -3*w + 1146. Suppose 8*f 